s 627 a multiple of 33?
True
Does 27 divide 8721?
True
Does 22 divide 3913?
False
Does 15 divide 6000?
True
Is 12 a factor of 240?
True
Does 13 divide 12334?
False
Is 37 a factor of 13899?
False
Is 13 a factor of 4359?
False
Is 51 a factor of 1815?
False
Is 27898 a multiple of 74?
True
Is 9292 a multiple of 101?
True
Is 88970 a multiple of 35?
True
Does 7 divide 58?
False
Is 6073 a multiple of 5?
False
Is 17 a factor of 1445?
True
Does 35 divide 40515?
False
Does 24 divide 378?
False
Is 7443 a multiple of 12?
False
Is 6 a factor of 135?
False
Is 60 a multiple of 30?
True
Is 7 a factor of 1002?
False
Is 3168 a multiple of 32?
True
Is 530 a multiple of 28?
False
Is 1072 a multiple of 36?
False
Does 67 divide 5623?
False
Is 15 a factor of 56101?
False
Does 21 divide 9030?
True
Is 1975 a multiple of 29?
False
Is 43 a multiple of 9?
False
Does 11 divide 1197?
False
Is 198 a factor of 31878?
True
Is 176 a multiple of 22?
True
Does 13 divide 57382?
True
Does 174 divide 5909?
False
Does 150 divide 39450?
True
Is 484 a multiple of 4?
True
Is 2227 a multiple of 20?
False
Is 5343 a multiple of 13?
True
Is 3745 a multiple of 9?
False
Is 719 a multiple of 30?
False
Does 16 divide 19727?
False
Is 61 a factor of 45829?
False
Is 12360 a multiple of 60?
True
Does 135 divide 2343?
False
Does 20 divide 1812?
False
Is 14 a factor of 913?
False
Is 8 a factor of 96?
True
Does 90 divide 360?
True
Is 9072 a multiple of 48?
True
Is 1447 a multiple of 39?
False
Is 991 a multiple of 63?
False
Is 69 a multiple of 2?
False
Is 42 a factor of 1520?
False
Does 11 divide 930?
False
Is 23 a factor of 112181?
False
Does 107 divide 214?
True
Is 20 a factor of 200?
True
Does 6 divide 1015?
False
Is 1441 a multiple of 3?
False
Is 84 a factor of 33576?
False
Is 978 a multiple of 226?
False
Does 3 divide 19?
False
Is 95 a factor of 3488?
False
Is 12 a factor of 300?
True
Is 2 a factor of 260?
True
Is 5809 a multiple of 72?
False
Does 3 divide 188?
False
Is 11560 a multiple of 85?
True
Is 399 a multiple of 27?
False
Is 3 a factor of 156?
True
Does 11 divide 2200?
True
Is 29 a factor of 11223?
True
Is 101481 a multiple of 176?
False
Is 39 a factor of 702?
True
Does 16 divide 1251?
False
Is 16 a factor of 1402?
False
Is 15 a factor of 210?
True
Does 57 divide 5244?
True
Does 23 divide 69?
True
Does 35 divide 46620?
True
Does 38 divide 2698?
True
Is 148 a multiple of 37?
True
Does 8 divide 160?
True
Is 62883 a multiple of 38?
False
Is 18 a factor of 2069?
False
Is 59 a factor of 2714?
True
Is 37411 a multiple of 96?
False
Is 827 a multiple of 62?
False
Does 21 divide 9870?
True
Does 13 divide 2639?
True
Does 11 divide 913?
True
Does 22 divide 457?
False
Does 2 divide 68?
True
Is 660 a multiple of 12?
True
Is 34552 a multiple of 8?
True
Is 1387 a multiple of 96?
False
Does 138 divide 7728?
True
Is 438 a multiple of 10?
False
Is 7605 a multiple of 63?
False
Does 65 divide 3965?
True
Does 8 divide 67651?
False
Is 7776 a multiple of 54?
True
Does 10 divide 5790?
True
Is 7 a factor of 401?
False
Is 160 a multiple of 40?
True
Does 11 divide 22187?
True
Is 20 a factor of 121660?
True
Does 3 divide 1804?
False
Does 6 divide 14332?
False
Does 9 divide 163?
False
Is 2291 a multiple of 79?
True
Is 7 a factor of 2366?
True
Does 32 divide 8140?
False
Is 3 a factor of 139?
False
Is 984 a multiple of 8?
True
Does 10 divide 202?
False
Does 65 divide 2203?
False
Is 498 a multiple of 7?
False
Is 1323 a multiple of 33?
False
Is 140 a factor of 37692?
False
Is 31200 a multiple of 24?
True
Does 48 divide 24336?
True
Does 18 divide 3204?
True
Is 4 a factor of 29?
False
Does 57 divide 720?
False
Does 187 divide 57320?
False
Does 38 divide 41902?
False
Is 4536 a multiple of 9?
True
Does 20 divide 1321?
False
Is 45390 a multiple of 10?
True
Does 55 divide 11721?
False
Is 12 a factor of 1386?
False
Is 9152 a multiple of 64?
True
Does 5 divide 185?
True
Is 468 a multiple of 37?
False
Is 2823 even?
False
Is 4 a factor of 49?
False
Does 5 divide 120?
True
Is 15 a factor of 250?
False
Is 114295 a multiple of 60?
False
Is 52 a factor of 21528?
True
Is 864 a multiple of 36?
True
Is 8 a factor of 704?
True
Is 72 a factor of 2232?
True
Is 17 a factor of 935?
True
Is 37 a factor of 1240?
False
Is 41 a factor of 388?
False
Does 11 divide 58?
False
Is 13 a factor of 806?
True
Does 6 divide 1738?
False
Is 9940 a multiple of 35?
True
Is 9 a factor of 1368?
True
Does 49 divide 49?
True
Is 45 a factor of 2925?
True
Does 6 divide 108?
True
Is 4950 a multiple of 18?
True
Is 240 a multiple of 2?
True
Is 29 a factor of 40484?
True
Does 37 divide 23122?
False
Does 103 divide 2369?
True
Is 21361 a multiple of 144?
False
Does 22 divide 1342?
True
Is 5054 a multiple of 19?
True
Is 3772 a multiple of 164?
True
Does 18 divide 1122?
False
Is 1216 a multiple of 35?
False
Is 38 a factor of 118671?
False
Does 64 divide 25216?
True
Is 41 a factor of 1152?
False
Is 15 a factor of 37141?
False
Does 109 divide 2184?
False
Is 191 a factor of 12218?
False
Is 4 a factor of 67?
False
Is 365 a multiple of 5?
True
Is 7 a factor of 9456?
False
Is 2587 a multiple of 13?
True
Is 22 a factor of 2470?
False
Is 655 a multiple of 32?
False
Does 6 divide 10122?
True
Does 9 divide 99?
True
Is 10 a factor of 1000?
True
Does 63 divide 2394?
True
Does 41 divide 287?
True
Is 16150 a multiple of 25?
True
Is 80 a factor of 2560?
True
Is 27 a factor of 10340?
False
Is 41 a multiple of 3?
False
Is 3522 a multiple of 2?
True
Is 551 a multiple of 21?
False
Is 32 a factor of 56320?
True
Does 16 divide 12448?
True
Does 61 divide 41053?
True
Does 9 divide 24133?
False
Does 37 divide 16889?
False
Is 10 a factor of 387?
False
Is 14 a factor of 2670?
False
Does 2 divide 139?
False
Is 37 a factor of 4847?
True
Does 48 divide 528?
True
Is 1408 a multiple of 22?
True
Is 322 a factor of 47012?
True
Is 12541 a multiple of 40?
False
Is 768 a multiple of 64?
True
Is 27 a factor of 504?
False
Is 27 a factor of 5123?
False
Does 54 divide 47034?
True
Is 133 a factor of 1197?
True
Does 82 divide 2788?
True
Does 29 divide 5655?
True
Does 17 divide 3601?
False
Does 13 divide 1976?
True
Does 89 divide 267?
True
Does 16 divide 40624?
True
Is 7 a factor of 462?
True
Is 27 a factor of 546?
False
Is 14 a factor of 71386?
True
Is 4788 a multiple of 21?
True
Is 2466 a multiple of 42?
False
Does 5 divide 175?
True
Is 636 even?
True
Does 2 divide 1480?
True
Is 18 a factor of 1361?
False
Is 10 a factor of 100?
True
Is 74 a factor of 9472?
True
Is 4874 a multiple of 114?
False
Does 100 divide 1400?
True
Does 13 divide 32836?
False
Is 32 a factor of 978?
False
Is 77 a factor of 10395?
True
Does 458 divide 43318?
False
Is 5 a factor of 18245?
True
Does 17 divide 31535?
True
Does 7 divide 30973?
False
Is 28 a factor of 935?
False
Does 7 divide 48?
False
Is 8 a factor of 752?
True
Is 13700 a multiple of 34?
False
Is 26 a factor of 1035?
False
Does 12 divide 762?
False
Is 27 a factor of 189?
True
Does 13 divide 1652?
False
Does 18 divide 2035?
False
Is 15 a factor of 1933?
False
Does 41 divide 6929?
True
Is 7 a factor of 7910?
True
Is 26 a factor of 3594?
False
Is 848 a multiple of 18?
False
Does 14 divide 1362?
False
Is 2808 a multiple of 8?
True
Is 17 a factor of 1520?
False
Is 31008 a multiple of 16?
True
Does 58 divide 106474?
False
Is 75 a multiple of 3?
True
Is 109 a factor of 4106?
False
Does 83 divide 729?
False
Is 25 a factor of 915?
False
Does 21 divide 74?
False
Is 4061 a multiple of 131?
True
Is 2751 a multiple of 2?
False
Does 34 divide 26758?
True
Is 11 a factor of 1208?
False
Is 83352 a multiple of 38?
False
Is 15466 a multiple of 12?
False
Is 26 a factor of 1144?
True
Does 18 divide 1123?
False
Is 8 a factor of 264?
True
Is 26895 a multiple of 5?
True
Is 2580 a multiple of 60?
True
Does 7 divide 9163?
True
Is 2772 a multiple of 36?
True
Is 2454 a multiple of 18?
False
Is 30 a factor of 25410?
True
Is 47 a factor of 481?
False
Is 1343 a multiple of 79?
True
Is 6890 a multiple of 42?
False
Is 14 a factor of 5286?
False
Is 12 a factor of 1604?
False
Is 10472 a multiple of 34?
True
Is 41 a factor of 6604?
False
Is 107 a factor of 3424?
True
Does 15 divide 1185?
True
Does 4 divide 1448?
True
Is 2 a factor of 3?
False
Is 39246 a multiple of 93?
True
Does 29 divide 1869?
False
Is 35 a fact